mmon divisor of n and j.
2
Suppose -22 = -2*t - 4*o + 8, -3*t - 5*o = -41. Let l be t/(-21)*(-297)/3. Calculate the highest common divisor of l and 3.
3
Let g = 36 + -20. Let f = -13 - -14. Let h = 3 - f. What is the greatest common factor of h and g?
2
Suppose -2*m + 38 = -m. Suppose -5*l - 4*s + 100 + m = 0, 0 = -2*l - 2*s + 54. What is the greatest common divisor of 20 and l?
10
Let s = 6 - -14. Let t be (-1)/(14/s)*-7. Suppose -f - 50 = -2*f + 5*h, -5*f + h + 154 = 0. What is the greatest common divisor of f and t?
10
Let n = 62 + -20. Let a = -30 + n. What is the highest common divisor of 48 and a?
12
Suppose 2*w - x = -0*w + 125, w - 62 = x. Suppose -3*s = s - 28. What is the highest common divisor of s and w?
7
Suppose -2*v + 4*k + 22 = 0, 0 = 2*k + k + 12. Suppose -m - 2 = -v*m. Let c = 5 + -1. What is the greatest common divisor of m and c?
1
Let y be (-2)/(0 - (-4)/(-10)). Suppose y*l + 2*p - 120 = 0, -5*l - 3*p = -0*p - 120. Calculate the highest common divisor of 60 and l.
12
Let g(b) = b - 4. Let j be g(0). Let c = 5 + j. Calculate the highest common factor of 8 and c.
1
Let t = 13 + -11. Let w(f) = 19*f - 2. Let v be w(t). What is the highest common factor of 24 and v?
12
Suppose 3*v - 104 = -5*x + 5*v, -2*v = 5*x - 96. Let w be ((-6)/12*-1)/((-2)/(-20)). What is the highest common factor of w and x?
5
Let w(c) = c**3 + 10*c**2 + 3*c + 12. Let l be w(-9). Calculate the highest common divisor of l and 6.
6
Let w be (0/2 - -18) + 2*-1. What is the highest common factor of w and 144?
16
Let w = -182 + 188. Calculate the greatest common divisor of w and 102.
6
Let m(j) = -5*j**2 + 2*j + 7. Let l(v) = 11*v**2 - 3*v - 15. Let f(y) = 4*l(y) + 9*m(y). Let t be f(6). Calculate the greatest common factor of 33 and t.
3
Let p(y) = -1. Let g(c) = c**2 + 10*c + 14. Let i(z) = -g(z) - 6*p(z). Let k be i(-4). What is the highest common factor of k and 40?
8
Let p = 3 - -22. Suppose -p = -6*a + a. Calculate the greatest common divisor of 55 and a.
5
Let q(w) = -17*w - 4. Let t(y) = -33*y - 8. Let x(b) = -7*q(b) + 4*t(b). Let s be x(-2). What is the highest common factor of 11 and s?
11
Let w be (-7)/(-2 + -1 - -2). Suppose 3*x + j = -j + 52, 33 = 2*x + j. What is the highest common divisor of x and w?
7
Suppose -f - h + 7 = -0*h, -2*f + 14 = -h. Calculate the greatest common divisor of f and 14.
7
Let p be 4/(-14) - 16/(-7). Let y be (-7 + 6)/(2/10). Let b = y + 7. Calculate the highest common divisor of p and b.
2
Let r be (144/20)/4*(-10)/(-2). Let y(t) = 26*t**2 + 2*t - 1. Let w be y(-2). What is the greatest common factor of w and r?
9
Suppose -2*t + 25 = -3*w, -5*w - 8 = t + 12. Suppose 10*y - t*y - 15 = 0. Let s be (y - (-40)/(-6))*-3. What is the greatest common factor of s and 22?
11
Suppose -3*q - 3*r + 282 = 0, -5*q + q + 4*r + 392 = 0. Calculate the greatest common factor of 24 and q.
24
Suppose r = -2*o + 193, -2*o = 2*r + 3*r - 941. Suppose i - 5*g - 8 - 54 = 0, -4*i + 164 = g. Let u = i + -25. What is the greatest common factor of u and r?
17
Suppose -2*b = 2*b. Suppose g + 2 + 0 = b. Let i be g + (1 + -16)*-1. What is the greatest common divisor of 65 and i?
13
Let u(q) = 2*q**2 + 7*q - 6. Let r be (-1)/1 + -26 + 0. Let w be 6/r - (-104)/(-18). Let m be u(w). What is the highest common factor of m and 3?
3
Let h = 25 + -20. Let f be ((-4)/h)/(3/(-15)). Calculate the highest common factor of f and 32.
4
Let f = 12 - 7. Suppose 0 = 3*i - a - 135, -4*i + f*a + 54 + 126 = 0. Let b = 9 - 4. What is the greatest common factor of b and i?
5
Let z(x) = x + 1. Let n(v) = 14*v + 2. Let b(o) = n(o) - 6*z(o). Let r be b(5). Suppose a + 39 + 10 = 2*u, 1 = -a. What is the highest common factor of r and u?
12
Let i(g) = -g + 6. Let x be i(-7). Calculate the highest common divisor of 91 and x.
13
Let q(u) = u**2 - 5*u - 58. Let y be q(-6). Calculate the highest common factor of 24 and y.
8
Let h be (-1 - -2)/(8/176). Suppose -5*x - y - 15 = 0, 5*x = y - 2 - 3. Let a be (-618)/(-4) + x/4. What is the highest common factor of h and a?
22
Let r(c) = c**3 - 15*c**2 + 15*c - 11. Let o be r(14). Suppose 3*g = -o*x + 60, 0 = 5*g + x + x - 88. Calculate the highest common divisor of 16 and g.
16
Let y(b) = 10*b**3 - 2*b + 4. Let p be y(3). Let w = -167 + p. Let l = -57 + w. Calculate the greatest common divisor of l and 11.
11
Let c(a) = 7*a**2 + 3*a - 1. Let r be -5*8*1/10. Let u be c(r). Suppose 4*s = -3*k + 36, s + 9 = 2*s - 4*k. What is the greatest common factor of u and s?
9
Let t = 68 + 28. Suppose f - t = -f. Let n be 10 - (-3 - (-4 - -3)). Calculate the highest common divisor of n and f.
12
Let k be 1/(-3)*0 - -76. Suppose -2*a + 59 = 3*y, a - 4*a - 73 = -4*y. What is the highest common divisor of k and y?
19
Let z(t) = 7*t**3 - 2*t**2 + 2*t + 1. Let i be z(2). Suppose w + i = 5*w - a, 0 = -2*w + 4*a + 44. What is the greatest common factor of 60 and w?
12
Let n be 3*1*44/2. Calculate the greatest common divisor of n and 6.
6
Let g = 11 - 6. Suppose 4*u - c - 48 = c, -2*u + g*c = -8. Calculate the greatest common divisor of u and 7.
7
Suppose 0 = -3*x, g + 0*g - 2*x = 2. What is the highest common divisor of g and 22?
2
Let v(n) = -n**3 - 6*n**2 - 8*n - 8. Let t(y) = -y - 13. Let l be t(-7). Let i be v(l). What is the greatest common factor of i and 5?
5
Suppose -4*z = -5*y - 34, 2*y + 10 = 7*y. Calculate the highest common divisor of 11 and z.
11
Let j = -16 - -19. Let m(a) = -a**3 + 7*a**2 - 3*a + 6. Let b be m(6). What is the highest common divisor of j and b?
3
Suppose 3*x - 360 = -2*x. Let f = -14 - -22. What is the highest common factor of x and f?
8
Let r be (-8)/10*(-5)/2. Suppose p + r*p = 9. Calculate the greatest common factor of 21 and p.
3
Let l be (-384)/(-20) - (-3)/(-15). What is the greatest common factor of 76 and l?
19
Let r = -18 - -13. Let m be (0 + r*2)*-1. Calculate the greatest common factor of 30 and m.
10
Suppose 8*u - 651 + 43 = 0. What is the greatest common divisor of 19 and u?
19
Let c be 3/(-3) + 12/2. Suppose 4*j + 2*y - 208 = c*y, 0 = -4*j + 2*y + 208. Calculate the highest common divisor of 78 and j.
26
Let n = -39 + 124. Calculate the highest common factor of n and 34.
17
Let s = 5 - 2. Let b = s - -32. Let n = 65 - b. What is the greatest common factor of 75 and n?
15
Suppose 11*f - 135 = 8*f. Calculate the greatest common divisor of 5 and f.
5
Let d(a) = a**2 - 9*a - 11. Let w be d(-11). Calculate the greatest common factor of w and 19.
19
Let d be ((-24)/(-27)*3)/(6/81). Suppose -a - 3*f = f + 8, -5*a - 2*f = -50. Calculate the greatest common factor of d and a.
12
Suppose -4*u + 134 = -2*u. Suppose i + u = f, 2*i - 4*i = 5*f - 370. What is the highest common divisor of 8 and f?
8
Suppose 0 = -3*u + u + 26. Calculate the greatest common divisor of 39 and u.
13
Let j = -37 - -65. Let b(q) = -q**2 + 8*q + 3. Let w be b(-7). Let t = 144 + w. What is the greatest common divisor of t and j?
14
Suppose -9*h = -15*h + 72. What is the highest common factor of 84 and h?
12
Suppose -3*s + 13 = 1. Suppose -s*c - 570 = -5*q, -c = -q + c + 120. What is the highest common factor of 44 and q?
22
Suppose -3*s + 16 = 3*b + 2*s, -3*b = -5*s + 4. Let k be 16 - b*(-2 - -3). Calculate the greatest common divisor of k and 7.
7
Let n(z) = -12 + 0*z - z + 14 + z**2. Let v be n(-3). What is the greatest common factor of v and 14?
14
Let n(f) = -5*f + 1. Let c be n(-1). Let l be c/4*(-28)/(-21). What is the highest common divisor of 18 and l?
2
Let u be 14/(2/(-115)*-5). What is the highest common divisor of u and 23?
23
Let s = 17 - -8. What is the greatest common factor of 25 and s?
25
Let m = -1 + 3. Suppose -m*o - o + 33 = 0. Suppose -3*s = 5*n - 277, 2*s + 3*s = -2*n + 487. Calculate the greatest common divisor of o and s.
11
Let n(h) = h**3 + 3*h**2 - 4*h - 3. Let i be n(-4). Let w be -1 - i*20/6. Let k = 110 - 47. What is the highest common factor of w and k?
9
Suppose 8*k = 3*k + 25. Suppose 3 - 13 = -k*d. What is the highest common divisor of 16 and d?
2
Suppose 2*n = n + b + 40, 3*n = 5*b + 128. Calculate the highest common divisor of n and 54.
18
Suppose 5*z + 2*d - 652 = -0*d, z = -2*d + 124. What is the greatest common divisor of 12 and z?
12
Let i be 10 - 2/((-4)/(-2)). Suppose 528 = 5*a - 207. Let m = a + -75. Cal